ultiple of 355?
True
Is 147 a factor of 13339221?
True
Is 2238340 a multiple of 71?
False
Does 98 divide 2982728?
True
Is 6 a factor of 4640050?
False
Is 369375 a multiple of 375?
True
Is 26 a factor of 721292?
True
Does 435 divide 109620?
True
Is 104928 a multiple of 14?
False
Does 513 divide 248805?
True
Does 78 divide 3531138?
True
Is 1251 a multiple of 5?
False
Does 10 divide 1425247?
False
Is 78315 a multiple of 115?
True
Is 27 a factor of 26043712?
False
Is 665275 a multiple of 23?
True
Is 829920 a multiple of 78?
True
Is 343 a factor of 518471?
False
Is 332150 a multiple of 91?
True
Does 158 divide 1827234?
False
Is 227280 a multiple of 60?
True
Is 3002 even?
True
Does 1561 divide 7865879?
True
Is 351 a factor of 3015441?
True
Is 889919 a multiple of 107?
True
Does 264 divide 2623632?
True
Is 1746220 a multiple of 70?
True
Is 225 a factor of 1300022?
False
Is 134 a factor of 17688?
True
Is 28 a factor of 217730?
False
Is 1784 a multiple of 8?
True
Does 4 divide 159140?
True
Does 9 divide 120130?
False
Is 280630 a multiple of 228?
False
Is 213465 a multiple of 107?
True
Is 16 a factor of 5779203?
False
Is 47 a factor of 10445181?
False
Is 620154 a multiple of 146?
False
Is 60912 a multiple of 94?
True
Is 63 a factor of 15905106?
True
Is 77 a factor of 280397?
False
Is 9356697 a multiple of 433?
True
Is 21007148 a multiple of 14?
False
Is 31434 a multiple of 93?
True
Is 57 a factor of 1426773?
False
Is 1938700 a multiple of 6?
False
Is 942464 a multiple of 16?
True
Is 362 a factor of 689908?
False
Does 241 divide 1430126?
False
Does 43 divide 1674968?
False
Does 468 divide 11702340?
True
Is 20 a factor of 445233?
False
Is 26702 a multiple of 33?
False
Is 2738030 a multiple of 43?
False
Is 62515 a multiple of 12?
False
Is 638226 a multiple of 9?
True
Does 15 divide 13614137?
False
Is 337889 a multiple of 126?
False
Does 21 divide 54768?
True
Does 8 divide 27729?
False
Is 22506 a multiple of 121?
True
Does 16 divide 35056464?
True
Is 116883 a multiple of 11?
False
Does 68 divide 536293?
False
Is 303467 a multiple of 300?
False
Is 122 a factor of 69033?
False
Is 21 a factor of 1560720?
True
Does 20 divide 174180?
True
Is 383 a factor of 9702093?
False
Does 13 divide 607713?
False
Is 24 a factor of 3393792?
True
Is 760 a factor of 6328520?
True
Is 120 a factor of 336829?
False
Is 204 a factor of 8772?
True
Is 6 a factor of 290034?
True
Is 25 a factor of 671225?
True
Does 10 divide 698924?
False
Is 1014 a factor of 2181114?
True
Is 3876227 a multiple of 28?
False
Does 5 divide 27070?
True
Is 20424 a multiple of 138?
True
Does 6 divide 1569839?
False
Is 394 a factor of 209608?
True
Is 198101 a multiple of 43?
True
Is 5 a factor of 43295?
True
Does 226 divide 107124?
True
Does 8 divide 20608?
True
Is 29 a factor of 3746703?
False
Does 15 divide 3552604?
False
Is 5715 a multiple of 9?
True
Is 30085 a multiple of 55?
True
Is 123 a factor of 1442301?
False
Is 12 a factor of 126552?
True
Is 72180 a multiple of 10?
True
Is 7531604 a multiple of 628?
True
Does 493 divide 934728?
True
Is 86247 a multiple of 26?
False
Is 207 a factor of 1994911?
False
Is 388 a factor of 960090?
False
Does 193 divide 1063537?
False
Is 65812 a multiple of 12?
False
Is 791548 a multiple of 55?
False
Does 17 divide 59767?
False
Is 2 a factor of 747551?
False
Does 72 divide 47737?
False
Is 4 a factor of 2310160?
True
Is 1310110 a multiple of 66?
False
Does 7 divide 8260?
True
Is 5 a factor of 3767130?
True
Is 3710989 a multiple of 18?
False
Does 12 divide 427464?
True
Is 86645 a multiple of 215?
True
Does 29 divide 5386228?
True
Is 20 a factor of 175440?
True
Is 19006232 a multiple of 19?
True
Is 21 a factor of 2478781?
False
Is 66 a factor of 45804?
True
Is 48 a factor of 105892?
False
Is 291 a factor of 1252464?
True
Is 458802 a multiple of 81?
False
Is 12 a factor of 87459?
False
Is 1747940 a multiple of 10?
True
Is 83 a factor of 1152743?
False
Does 19 divide 2542371?
True
Does 90 divide 78913?
False
Is 1896474 a multiple of 2?
True
Is 127 a factor of 1622306?
False
Is 596739 a multiple of 33?
True
Is 31990 a multiple of 10?
True
Does 12 divide 1809588?
True
Is 482 a factor of 180487?
False
Is 18 a factor of 369061?
False
Does 126 divide 1687923?
False
Is 59 a factor of 8167005?
False
Is 224 a factor of 383936?
True
Is 142 a factor of 620823?
False
Is 697 a factor of 463645?
False
Is 132702 a multiple of 8?
False
Does 24 divide 12310128?
True
Is 9 a factor of 286028?
False
Is 6 a factor of 427338?
True
Is 245 a factor of 329770?
True
Does 215 divide 116530?
True
Is 120 a factor of 1798560?
True
Is 229 a factor of 66130?
False
Does 46 divide 456550?
True
Is 209850 a multiple of 73?
False
Is 7 a factor of 128415?
True
Does 27 divide 76815?
True
Is 45764 a multiple of 42?
False
Is 1639 a factor of 10073294?
True
Does 10 divide 790450?
True
Does 31 divide 734882?
False
Is 79 a factor of 3098266?
False
Does 473 divide 70088?
False
Is 695790 a multiple of 162?
True
Is 14301 a multiple of 9?
True
Does 10 divide 334304?
False
Is 428079 a multiple of 16?
False
Is 1088019 a multiple of 260?
False
Does 10 divide 64730?
True
Is 19 a factor of 12160?
True
Is 206 a factor of 1576518?
True
Is 181 a factor of 93939?
True
Is 16 a factor of 9127600?
True
Does 184 divide 11608945?
False
Is 43 a factor of 1252031?
True
Does 9 divide 178616?
False
Is 91 a factor of 3240601?
True
Does 56 divide 684488?
True
Is 7062202 a multiple of 134?
True
Does 57 divide 1984612?
False
Is 562 a factor of 4502291?
False
Does 217 divide 3408163?
False
Is 8 a factor of 537478?
False
Is 554 a factor of 8207510?
True
Is 295 a factor of 290328?
False
Does 53 divide 6835198?
True
Is 13 a factor of 114605?
False
Is 29 a factor of 4589144?
False
Is 4866 a multiple of 6?
True
Is 7 a factor of 3092886?
False
Is 2 a factor of 71764?
True
Does 161 divide 7889?
True
Is 22 a factor of 2421745?
False
Is 19 a factor of 208601?
True
Is 578244 a multiple of 397?
False
Is 18497 a multiple of 281?
False
Is 177001 a multiple of 4?
False
Is 16702 a multiple of 2?
True
Is 1702962 a multiple of 37?
True
Does 8 divide 296592?
True
Is 86 a factor of 115842?
True
Does 15 divide 1849694?
False
Does 57 divide 343504?
False
Is 137500 a multiple of 100?
True
Is 22 a factor of 169070?
True
Does 416 divide 209248?
True
Is 550900 a multiple of 100?
True
Is 124 a factor of 246760?
True
Does 4 divide 202608?
True
Does 725 divide 3119415?
False
Does 3 divide 33843?
True
Is 707 a factor of 2465970?
False
Is 153 a factor of 6521782?
False
Does 36 divide 446544?
True
Does 14 divide 1997755?
False
Does 30 divide 6606210?
True
Is 101 a factor of 605697?
True
Does 96 divide 2938560?
True
Is 44 a factor of 166789?
False
Is 46 a factor of 3485333?
False
Is 14046066 a multiple of 141?
False
Is 2316878 a multiple of 12?
False
Is 2735971 a multiple of 685?
False
Is 429211 a multiple of 192?
False
Is 655323 a multiple of 4?
False
Is 111078 a multiple of 66?
True
Is 523 a factor of 2469083?
True
Is 163110 a multiple of 74?
False
Is 25569 a multiple of 27?
True
Is 24 a factor of 305400?
True
Does 2 divide 698573?
False
Is 4 a factor of 372460?
True
Is 1427083 a multiple of 39?
False
Does 163 divide 262593?
True
Does 45 divide 3907786?
False
Does 39 divide 4003935?
True
Is 225 a factor of 53879?
False
Is 1070848 a multiple of 752?
True
Is 11 a factor of 275193?
False
Is 12859368 a multiple of 274?
True
Is 45696 a multiple of 56?
True
Does 11 divide 216038?
False
Is 5 a factor of 68214?
False
Is 561858 a multiple of 21?
False
Is 1813500 a multiple of 50?
True
Does 1068 divide 969744?
True
Does 271 divide 1741446?
True
Is 244 a factor of 98576?
True
Does 43 divide 22697034?
True
Is 130 a factor of 2738147?
False
Does 5 divide 381519?
False
Is 821599 a multiple of 325?
False
Does 5 divide 653570?
True
Does 165 divide 7915545?
True
Does 14 divide 158984?
True
Is 112 a factor of 389614?
False
Is 178 a factor of 1547710?
True
Is 1663623 a multiple of 177?
True
Does 79 divide 1438225?
False
Is 87 a factor of 4041?
False
Is 26629 a multiple of 43?
False
Is 4006656 a multiple of 192?
True
Is 6598200 a multiple of 70?
True
Is 69 a factor of 2298221?
False
Is 101962 a multiple of 10?
False
Is 14 a factor of 10810156?
True
Does 15 divide 276825?
True
Is 5 a factor o